be k/8*76/57. Let l(g) = -2*g + 4*g**2 + 2*g**2 - c*g**2. Calculate l(4).
8
Let l = -29 - -43. Let w(u) = -1 + 6*u**2 + 12*u**2 - 6 - l*u - 17*u**2. What is w(14)?
-7
Suppose -3*u - 3 = -3*w, -4*w - 2*u = -0*w + 8. Let k(h) = 0*h**2 - 15986 - h - 2*h**2 + 15985. Give k(w).
-2
Let u = 936 - 330. Let m = u + -601. Let k(a) = a**3 - 3*a**2 - 8*a + 3. Determine k(m).
13
Let z be 31 - ((-80)/20 - -13). Let v(p) = p**3 - 24*p**2 + 47*p - 58. Calculate v(z).
8
Suppose -10*f - j = -13*f - 25, 4*j = -5*f - 36. Let w(g) = g**2 + 10*g + 25. What is w(f)?
9
Let s(r) = r**3 + 2*r**2 + r. Let b = -80 - -8. Let w(h) = -13*h**2 - 818*h + 132. Let o be w(-63). Let i = o + b. Determine s(i).
-12
Let p = -3729 - -44749/12. Let l(o) be the second derivative of 9*o + p*o**4 + 0 - o**3 - 5/2*o**2. Determine l(5).
-10
Suppose 0*r = 9*r - 63. Let d(x) = -r - 5*x + 34 - 15 - 15. Calculate d(-2).
7
Let l be ((-87)/9)/(-7 + 502/72). Let h = l - 344. Let w(p) = -5*p + 1 + 2*p**2 - 3 + 1. What is w(h)?
11
Suppose 3*r = -v + 371, 0 = -3*r + 3*v + 524 - 149. Let j(g) = -r*g + 2 + g**2 + 62*g + 7 + 56*g. Calculate j(6).
9
Let z(s) = 80*s**2 + 20*s - 23. Let c(h) = -5*h**2. Let o(f) = -15*c(f) - z(f). Calculate o(-5).
-2
Let p = 4 + -9. Let d be (-7 + -2)*(-6)/27. Let y(c) = 0 - 5 + d + 0 + 2*c. Give y(p).
-13
Let p(u) = 19 - 128 - 297*u - 2 + 288*u. Calculate p(-14).
15
Suppose -5*g - 89 + 108 = -h, 10 = -2*g - 4*h. Suppose 14*m = 19*m + 5*i + 20, -2*m = -g*i + 13. Let q(b) = b**2 + 4*b - 2. Give q(m).
3
Let n(h) = h**2 - 6*h - 4. Let u(c) = 6*c + 6. Let k be u(-3). Let g be (8 + -4)/(-8)*k. Let f be n(g). Let z(d) = -d**3 - 4*d**2 + 2*d + 5. What is z(f)?
-3
Let g(v) be the first derivative of -v**5/60 - 5*v**4/24 - v**3/2 + v**2 - 14*v - 30. Let z(j) be the second derivative of g(j). Calculate z(-3).
3
Let v be 4/3 + (-56)/(-12). Suppose -3*j = -2*p - 3, 4*p - j - v = p. Let s(i) = -6 - i**3 - 2*i + 5 + 0 + 4*i**2. What is s(p)?
2
Let b(m) = 196*m - 13. Let i(d) = 2420*d - 156. Let c(r) = 37*b(r) - 3*i(r). Suppose -s - 10 = 4*s. Calculate c(s).
3
Let f(d) be the third derivative of -3*d**5/20 + d**4/6 - d**3/2 + d**2 + 1077. Determine f(2).
-31
Let r(b) = 4*b + 4 - b + 0*b. Let x = -5 + 4. Let g(d) = 3*d**3 + d**2 + d - 1. Let o be g(x). Calculate r(o).
-8
Suppose -1002 = 184*c + 102. Let x(o) = 7*o + 44. Give x(c).
2
Let c be -5 + (-104)/(-16) - 301/(-2). Suppose -10*t + c = 52. Let w(i) = -13 - i**3 + 0*i + 14*i - 9*i + 10*i**2 - 3*i. Determine w(t).
7
Let g be 1/((-5 + (7 - 3))/(-3)). Let m(q) = 6*q**2 + g*q**2 - q**3 - 5*q**2 - 3 - 6*q**2 - 3*q. Give m(-2).
3
Suppose 211*f - 16 = 207*f. Suppose -y = 3*t - 6 - 12, 5*t = f*y - 38. Let p(k) = k**3 - 13*k**2 + 13*k - 14. Determine p(y).
-2
Let h = 268 + -247. Suppose -18*i = -h*i - 4*o + 32, -25 = -5*i - o. Let r(t) = t**2 - 7*t + 12. Determine r(i).
0
Let n(g) = -g**2 + 1. Let k(t) = t**2 - 9*t. Let u(d) = k(d) + 2*n(d). Suppose 9*m = 4*m + 855. Suppose -14*a = 5*a + m. What is u(a)?
2
Let j(v) = 2*v**2 - 62*v + 3. Let r be j(31). Let t(w) = -3*w**2 - w**2 - 5*w**2 + 4*w + r - 5*w**2 + 15*w**2. Determine t(-2).
-1
Let v(b) = -b**2 + 30*b - 44. Let c = 18078 + -18059. Give v(c).
165
Let d = 51 + -38. Let z(c) = c**2 - 13*c + 7. Let u be z(d). Let q(s) = 5*s - 3*s - u + 0*s. Calculate q(-6).
-19
Let m(a) be the third derivative of -1/6*a**4 + 2*a**2 + 1/60*a**5 + 0 - 1/6*a**3 + 5*a. Let x = -12 - -17. Give m(x).
4
Let v = 8117 - 8160. Let t(r) = r**2 + 39*r - 166. What is t(v)?
6
Let n(d) = -d**3 - 9*d**2 + 5*d + 104. Let o be n(-8). Let q(s) = s**2 - s + 34 - 34. Give q(o).
0
Suppose g - 5*j = -18 - 0, 2*g + 15 = 3*j. Let y be 1/g*(-94 + 7). Let v(o) = 21 - 6*o - 54 + y - o**2. Determine v(-6).
-4
Let u(d) be the first derivative of -23 + 1/20*d**5 - 4/3*d**3 + 0*d**2 - 1/12*d**4 + 0*d. Let i(k) be the third derivative of u(k). What is i(4)?
22
Let y be (-2 - -3) + -9 - -4. Let g = 0 - y. Let k(u) = -23*u - 20. Let f(q) = 10*q + 9. Let z(c) = 7*f(c) + 3*k(c). Give z(g).
7
Suppose 1870 = -678*k - 2876. Let s(i) be the third derivative of i**6/120 + 2*i**5/15 + 5*i**4/12 - i**3/2 - 2*i**2. Give s(k).
-24
Suppose 3*y - 9 = -4*p + 10, 1 = y. Let v(n) = 5 + n + 4 - 15 + p. Give v(7).
5
Let g be ((-6)/(-15))/(1/10) - 2. Let i(r) = -5*r**2 + 3*r**g + r**3 + 9*r**2 + 4 - 5*r**2 - 2*r. What is i(-3)?
1
Suppose -8*d + 147 = -37. Let u = d - 30. Let a(g) be the third derivative of -g**5/60 - g**4/3 - 3*g**3/2 + 18*g**2 - 1. Give a(u).
-2
Suppose -p = 5 - 16. Let m(t) = -12*t + 1227 + 4*t**2 - 3*t**2 + 0*t**2 + 1174 - 2392. Determine m(p).
-2
Suppose -7 = -0*s - s - g, -5*s - 4*g = -32. Let b(r) = 4*r**3 - 3*r**3 + 411*r**2 - 405*r**2 + 4*r - s. Let p be (-69)/15 + 2/(-5). Give b(p).
1
Suppose 8*l + 2 = 10. Let t be l*-4 + -1 + (-5 - -5). Let k be ((-2)/(-4) + 3)/(t/10). Let d(r) = -4*r - 5. Calculate d(k).
23
Let z(l) be the first derivative of -l**2/2 - 4*l - 1060. What is z(0)?
-4
Let k(w) = 19*w**2 + 9*w + 114. Let t(u) = 7*u**2 + 3*u + 40. Let z(q) = 4*k(q) - 11*t(q). Determine z(-5).
-24
Let i = -363 + 550. Let o = -183 + i. Let a(z) = 6*z + 3. What is a(o)?
27
Let s(k) = -7 - 2 + 18 - 6 - 4 - 5*k. Let d be (-3)/(-2)*(-116)/6. Let l = -28 - d. Determine s(l).
-6
Let m(s) = -3*s + 9. Let g(o) = -33*o**2 + 12*o - 31. Let r be g(3). Let y = 297 + r. Give m(y).
-6
Let m = 18 - 16. Suppose -3*w + 21 = 3*s - 0*s, -5*s = m*w - 14. Let f(n) be the first derivative of -n**2/2 + 10*n + 7. Give f(w).
3
Let x = 556 - 554. Let k be (x/6)/(20/(-240)). Let z(o) = -3*o - 1. Determine z(k).
11
Let f(m) = 196*m**2 - 4*m + 2 + 167*m**2 - 364*m**2. Suppose -2*q = -5*t + q - 35, -t - q + 1 = 0. Calculate f(t).
2
Suppose b - j + 3 = 0, 0 = 5*b - 6*j + 11*j - 5. Let n be (2*b/3)/((-104)/1716). Let o(s) = -s**2 + 11*s - 2. Give o(n).
-2
Let z(f) = 4 + 10*f - 8 - 5*f + f**2. Let c(o) = 5*o**2 + 27*o - 4. Let t be c(6). Let m = t + -341. Give z(m).
-10
Let z(b) = -66*b - 74*b - 76*b + 308*b - 72*b - 10*b**2 - 12 + b**3. Calculate z(4).
-28
Let h(y) be the first derivative of y**4/2 + y**3/3 - 3*y - 377. Give h(-3).
-48
Let r(c) = -138 - 316*c + 30 + 181*c + 165*c. Determine r(4).
12
Let k(t) be the first derivative of -7*t**2 + 2*t + 1192. Give k(-1).
16
Let y(i) = 5*i - 12. Let s(a) = -18*a + 53. Let b(g) = -6*s(g) - 22*y(g). Calculate b(-7).
-40
Let o(w) = -4*w + 87. Let z(r) = 6*r - 129. Let l(v) = 8*o(v) + 5*z(v). Let c be l(28). Let u(p) be the second derivative of p**3/6 + 3*p**2 + p. Give u(c).
1
Let q(n) = n**2 - 5*n + 1. Let s be q(6). Let v(x) = 5*x - 3*x + 6 - s - 7*x**2. Let c = 1 + 0. Determine v(c).
-6
Let d(c) = -2455 - c**2 + 4930 + 11*c - 2452. Give d(14).
-19
Let x be ((-35)/14)/(-3*2/24). Let r(h) = x + 10 - 5*h - h + 4*h + 3*h. Calculate r(-7).
13
Let j(f) be the third derivative of 7*f**4/24 + 5*f**3/6 - 2*f**2. Suppose 0 = -914381*x + 914399*x + 90. What is j(x)?
-30
Let f = -319 - -324. Suppose -4*j - 9 = -f, 3*u + 4*j = -16. Let h(b) = 8*b + 4. What is h(u)?
-28
Let b(q) = 15*q**3 - 5*q**2 + 9*q + 13. Let s(p) = 23*p**3 - 5*p**2 + 9*p + 15. Let w(r) = 3*b(r) - 2*s(r). Calculate w(-5).
-36
Let h = -113 - -115. Let x(g) = g - 4 + 6*g**h + 4*g**2 - 9*g**2 - 2*g + 2. What is x(-2)?
4
Let a(n) = -34*n**2 - n - 1. Let h = 1216 - 1217. Calculate a(h).
-34
Let i(n) = -2*n + 12. Suppose 4*b - 1135 + 23 = 4*r, -4*r = -2*b + 546. Suppose -4*c - 283 + b = 0. Determine i(c).
12
Let n(r) = 37 - 3*r - 6*r + 41 + 22 - 121. Give n(-4).
15
Suppose -2*b + 9 = 5*i, -18*i + 3 = -17*i. Let s(m) = -7*m**2 - 2*m + 2. Give s(b).
-55
Let k(y) = -90. Let r(q) = -7*q + 503. Let a(o) = -6*k(o) - r(o). Give a(-7).
-12
Let f(g) be the second derivative of g**3/6 - 3*g**2/2 + 2*g. Suppose -76 = -48*r + 68. Let p be r - 90/35 - (-96)/21. Give f(p).
2
Let h(u) be the third derivative of u**5/60 + 2*u**4 - 29*u**3/3 - 10222*u**2. Determine h(-49).
-9
Let m(s) = 6*s. Suppose -34*d + 30*d + 132 = 0. Let k be -2 + d/4 + 14/(-56). Suppose -14*p = -11*p + k. Determine m(p).
-12
Suppose 10*y - 8*y = -3*f - 21, -f - 5 = 0. Let a(c) be the third derivative of -c**4/6 - 7*c**3/6 + 4*c**2 - 39. Calculate a(y).
5
Let s(a) = -8*a - 4. Suppose p + 952 = 5*r - p, r - 204 = -3*p. Let c = r - 131. Suppose c*j - 9 = 64*j. Determine s(j).
20
Let a(f) be the second derivative of